{"id":1772,"date":"2016-11-24T06:46:03","date_gmt":"2016-11-24T06:46:03","guid":{"rendered":"http:\/\/www.iburmar.com\/WEB\/?page_id=1772"},"modified":"2026-04-20T05:34:47","modified_gmt":"2026-04-20T05:34:47","slug":"1772-2","status":"publish","type":"page","link":"https:\/\/www.iburmar.com\/WEB\/1772-2\/","title":{"rendered":"Pol\u00edtica de Calidad"},"content":{"rendered":"<p><strong>\u00a0<\/strong><\/p>\n<p><strong>BURMAR<\/strong>, empresa dedicada al <strong>\u201cDise\u00f1o y la producci\u00f3n de golosinas, pastillas de goma y bebidas refrescantes aromatizadas\u201d<\/strong>, adapt\u00e1ndose a las necesidades de Calidad-Productividad por un mercado cada vez m\u00e1s competitivo, y consciente del compromiso que contrae con la sociedad dispone de un Sistema de Gesti\u00f3n Calidad de conformidad con los requisitos de la Normas Internacional FSSC22000 (versi\u00f3n en vigor).<\/p>\n<p>La Direcci\u00f3n manifiesta expresamente su compromiso fundamental de cumplir con los requisitos y potenciar la Calidad en <strong>BURMAR<\/strong> y pone en juego los recursos necesarios para lograr el cumplimiento de la siguiente Pol\u00edtica:<\/p>\n<p>\u2022\u00a0 \u00a0 El objetivo principal es la satisfacci\u00f3n del cliente, todas las partes interesadas y cumplir con la obligaci\u00f3n de fabricar productos seguros-inocuos, legales, aut\u00e9nticos y de calidad.<br \/>\n\u2022\u00a0 \u00a0 La Calidad exige la colaboraci\u00f3n y participaci\u00f3n de todos los niveles y para ello la informaci\u00f3n, comunicaci\u00f3n (interna-externa) y formaci\u00f3n son indispensables. Dentro de este \u00e1mbito se considera imprescindible establecer programas de formaci\u00f3n que contribuyen a enriquecer el nivel de cualificaci\u00f3n de nuestro personal, de forma que se motive una actitud participativa para todos los niveles y miembros de la Organizaci\u00f3n.<br \/>\n\u2022\u00a0 \u00a0Todo el personal debe aceptar el compromiso para mejorar la Calidad dentro del campo de su puesto de trabajo.<br \/>\n\u2022\u00a0 \u00a0El Manual de Gesti\u00f3n es el documento donde se recogen la filosof\u00eda y directrices del Sistema, las cuales se desarrollan en los diferentes procedimientos a los que se hace referencia en el citado documento.<br \/>\n\u2022\u00a0 \u00a0La Direcci\u00f3n se compromete con el cumplimiento de los requisitos legales y reglamentarios aplicables, los requisitos de los clientes y los asociados a nuestro producto (seguridad, calidad, legalidad, especificaciones y modo de producci\u00f3n).<br \/>\n\u2022\u00a0 \u00a0La Direcci\u00f3n se compromete a la mejora continua del Sistema de Gesti\u00f3n de la Calidad, objetivos y metas. Los fallos deben utilizarse para aprender y eliminar las fuentes o causas que los han generado.<br \/>\n\u2022\u00a0 \u00a0La Direcci\u00f3n delega en el Responsable de Calidad las tareas tendentes a la implantaci\u00f3n y verificaci\u00f3n del cumplimiento del Sistema, para lo cual se le otorgan la autoridad e independencia necesarias dentro de BURMAR.<br \/>\n\u2022\u00a0 \u00a0Es responsabilidad de toda la Organizaci\u00f3n el obligado cumplimiento de lo establecido en el presente Sistema de Gesti\u00f3n.<br \/>\n\u2022\u00a0 \u00a0Burmar se compromete a cumplir con los requisitos, normas y reglamentos siguientes a certificar: Reglamento de uso de marca de garant\u00eda HALAL de Junta Isl\u00e1mica y condiciones de aplicaci\u00f3n, GSO 2055-1, UAE 2055-1, MS-1500, HAS 23000 y HAS 23201.<br \/>\n\u2022\u00a0 \u00a0La empresa manifiesta su compromiso con la sostenibilidad y la gobernabilidad para equilibrar el medio ambiente, la econom\u00eda y la sociedad.<br \/>\n\u2022\u00a0 \u00a0Maximizar la eficacia de nuestra organizaci\u00f3n con el respeto al medio ambiente mediante la gesti\u00f3n de residuos organizada y evitando el desperdicio alimentario.<\/p>\n<p>La Direcci\u00f3n General de <strong>BURMAR<\/strong> asegura que su Pol\u00edtica de Calidad es entendida y aceptada por todo el personal; y con el concurso de auditor\u00edas internas verifica que el Sistema de Gesti\u00f3n de la Calidad mantiene su eficiencia y adecuaci\u00f3n.<\/p>\n<p>&nbsp;<\/p>\n<p style=\"text-align: center;\">Firmado: Evaristo Burgue\u00f1o M\u00e1rquez (Direcci\u00f3n)<\/p>\n<p style=\"text-align: center;\">31-07-2025<\/p>\n<p style=\"text-align: center;\">\n","protected":false},"excerpt":{"rendered":"<p>\u00a0 BURMAR, empresa dedicada al \u201cDise\u00f1o y la producci\u00f3n de golosinas, pastillas de goma y bebidas refrescantes aromatizadas\u201d, adapt\u00e1ndose a las necesidades de Calidad-Productividad por un mercado cada vez m\u00e1s competitivo, y consciente del compromiso que contrae con la sociedad dispone de un Sistema de Gesti\u00f3n Calidad de conformidad con los requisitos de la Normas [&hellip;]<\/p>\n","protected":false},"author":1,"featured_media":0,"parent":0,"menu_order":0,"comment_status":"closed","ping_status":"closed","template":"","meta":{"_monsterinsights_skip_tracking":false,"_monsterinsights_sitenote_active":false,"_monsterinsights_sitenote_note":"","_monsterinsights_sitenote_category":0,"footnotes":""},"class_list":["post-1772","page","type-page","status-publish","hentry"],"yoast_head":"<!-- This site is optimized with the Yoast SEO plugin v25.4 - https:\/\/yoast.com\/wordpress\/plugins\/seo\/ -->\n<title>Pol\u00edtica de calidad<\/title>\n<meta name=\"description\" content=\"L\u00edder en la fabricaci\u00f3n de golosinas l\u00edquidas con marcas como Burmar Flax, Superflah, Flaggolosina o Rocko, y en bebida refrescante con Cantimplora Zumrok.\" \/>\n<meta name=\"robots\" content=\"index, follow, max-snippet:-1, max-image-preview:large, max-video-preview:-1\" \/>\n<link rel=\"canonical\" href=\"https:\/\/www.iburmar.com\/WEB\/1772-2\/\" \/>\n<meta property=\"og:locale\" content=\"es_ES\" \/>\n<meta property=\"og:type\" content=\"article\" \/>\n<meta property=\"og:title\" content=\"Pol\u00edtica de calidad\" \/>\n<meta property=\"og:description\" content=\"L\u00edder en la fabricaci\u00f3n de golosinas l\u00edquidas con marcas como Burmar Flax, Superflah, Flaggolosina o Rocko, y en bebida refrescante con Cantimplora Zumrok.\" \/>\n<meta property=\"og:url\" content=\"https:\/\/www.iburmar.com\/WEB\/1772-2\/\" \/>\n<meta property=\"og:site_name\" content=\"Burmar Shop\" \/>\n<meta property=\"article:publisher\" content=\"https:\/\/www.facebook.com\/iburmar\/\" \/>\n<meta property=\"article:modified_time\" content=\"2026-04-20T05:34:47+00:00\" \/>\n<meta property=\"og:image\" content=\"http:\/\/www.iburmar.com\/WEB\/wp-content\/uploads\/2016\/11\/miniaturaIburmar.jpg\" \/>\n<meta name=\"twitter:card\" content=\"summary_large_image\" \/>\n<meta name=\"twitter:site\" content=\"@BurmarSweet\" \/>\n<meta name=\"twitter:label1\" content=\"Tiempo de lectura\" \/>\n\t<meta name=\"twitter:data1\" content=\"3 minutos\" \/>\n<script type=\"application\/ld+json\" class=\"yoast-schema-graph\">{\"@context\":\"https:\/\/schema.org\",\"@graph\":[{\"@type\":\"WebPage\",\"@id\":\"https:\/\/www.iburmar.com\/WEB\/1772-2\/\",\"url\":\"https:\/\/www.iburmar.com\/WEB\/1772-2\/\",\"name\":\"Pol\u00edtica de calidad\",\"isPartOf\":{\"@id\":\"https:\/\/www.iburmar.com\/WEB\/#website\"},\"datePublished\":\"2016-11-24T06:46:03+00:00\",\"dateModified\":\"2026-04-20T05:34:47+00:00\",\"description\":\"L\u00edder en la fabricaci\u00f3n de golosinas l\u00edquidas con marcas como Burmar Flax, Superflah, Flaggolosina o Rocko, y en bebida refrescante con Cantimplora Zumrok.\",\"breadcrumb\":{\"@id\":\"https:\/\/www.iburmar.com\/WEB\/1772-2\/#breadcrumb\"},\"inLanguage\":\"es\",\"potentialAction\":[{\"@type\":\"ReadAction\",\"target\":[\"https:\/\/www.iburmar.com\/WEB\/1772-2\/\"]}]},{\"@type\":\"BreadcrumbList\",\"@id\":\"https:\/\/www.iburmar.com\/WEB\/1772-2\/#breadcrumb\",\"itemListElement\":[{\"@type\":\"ListItem\",\"position\":1,\"name\":\"Portada\",\"item\":\"https:\/\/www.iburmar.com\/WEB\/\"},{\"@type\":\"ListItem\",\"position\":2,\"name\":\"Pol\u00edtica de Calidad\"}]},{\"@type\":\"WebSite\",\"@id\":\"https:\/\/www.iburmar.com\/WEB\/#website\",\"url\":\"https:\/\/www.iburmar.com\/WEB\/\",\"name\":\"Burmar Shop\",\"description\":\"Fabricamos todos nuestros productos en Espa\u00f1a con ingredientes de la m\u00e1xima calidad.\",\"publisher\":{\"@id\":\"https:\/\/www.iburmar.com\/WEB\/#organization\"},\"potentialAction\":[{\"@type\":\"SearchAction\",\"target\":{\"@type\":\"EntryPoint\",\"urlTemplate\":\"https:\/\/www.iburmar.com\/WEB\/?s={search_term_string}\"},\"query-input\":{\"@type\":\"PropertyValueSpecification\",\"valueRequired\":true,\"valueName\":\"search_term_string\"}}],\"inLanguage\":\"es\"},{\"@type\":\"Organization\",\"@id\":\"https:\/\/www.iburmar.com\/WEB\/#organization\",\"name\":\"Burmar Sweet\",\"url\":\"https:\/\/www.iburmar.com\/WEB\/\",\"logo\":{\"@type\":\"ImageObject\",\"inLanguage\":\"es\",\"@id\":\"https:\/\/www.iburmar.com\/WEB\/#\/schema\/logo\/image\/\",\"url\":\"https:\/\/www.iburmar.com\/WEB\/wp-content\/uploads\/2022\/04\/LogoBurmar-1.png\",\"contentUrl\":\"https:\/\/www.iburmar.com\/WEB\/wp-content\/uploads\/2022\/04\/LogoBurmar-1.png\",\"width\":500,\"height\":205,\"caption\":\"Burmar Sweet\"},\"image\":{\"@id\":\"https:\/\/www.iburmar.com\/WEB\/#\/schema\/logo\/image\/\"},\"sameAs\":[\"https:\/\/www.facebook.com\/iburmar\/\",\"https:\/\/x.com\/BurmarSweet\"]}]}<\/script>\n<!-- \/ Yoast SEO plugin. -->","yoast_head_json":{"title":"Pol\u00edtica de calidad","description":"L\u00edder en la fabricaci\u00f3n de golosinas l\u00edquidas con marcas como Burmar Flax, Superflah, Flaggolosina o Rocko, y en bebida refrescante con Cantimplora Zumrok.","robots":{"index":"index","follow":"follow","max-snippet":"max-snippet:-1","max-image-preview":"max-image-preview:large","max-video-preview":"max-video-preview:-1"},"canonical":"https:\/\/www.iburmar.com\/WEB\/1772-2\/","og_locale":"es_ES","og_type":"article","og_title":"Pol\u00edtica de calidad","og_description":"L\u00edder en la fabricaci\u00f3n de golosinas l\u00edquidas con marcas como Burmar Flax, Superflah, Flaggolosina o Rocko, y en bebida refrescante con Cantimplora Zumrok.","og_url":"https:\/\/www.iburmar.com\/WEB\/1772-2\/","og_site_name":"Burmar Shop","article_publisher":"https:\/\/www.facebook.com\/iburmar\/","article_modified_time":"2026-04-20T05:34:47+00:00","og_image":[{"url":"http:\/\/www.iburmar.com\/WEB\/wp-content\/uploads\/2016\/11\/miniaturaIburmar.jpg","type":"","width":"","height":""}],"twitter_card":"summary_large_image","twitter_site":"@BurmarSweet","twitter_misc":{"Tiempo de lectura":"3 minutos"},"schema":{"@context":"https:\/\/schema.org","@graph":[{"@type":"WebPage","@id":"https:\/\/www.iburmar.com\/WEB\/1772-2\/","url":"https:\/\/www.iburmar.com\/WEB\/1772-2\/","name":"Pol\u00edtica de calidad","isPartOf":{"@id":"https:\/\/www.iburmar.com\/WEB\/#website"},"datePublished":"2016-11-24T06:46:03+00:00","dateModified":"2026-04-20T05:34:47+00:00","description":"L\u00edder en la fabricaci\u00f3n de golosinas l\u00edquidas con marcas como Burmar Flax, Superflah, Flaggolosina o Rocko, y en bebida refrescante con Cantimplora Zumrok.","breadcrumb":{"@id":"https:\/\/www.iburmar.com\/WEB\/1772-2\/#breadcrumb"},"inLanguage":"es","potentialAction":[{"@type":"ReadAction","target":["https:\/\/www.iburmar.com\/WEB\/1772-2\/"]}]},{"@type":"BreadcrumbList","@id":"https:\/\/www.iburmar.com\/WEB\/1772-2\/#breadcrumb","itemListElement":[{"@type":"ListItem","position":1,"name":"Portada","item":"https:\/\/www.iburmar.com\/WEB\/"},{"@type":"ListItem","position":2,"name":"Pol\u00edtica de Calidad"}]},{"@type":"WebSite","@id":"https:\/\/www.iburmar.com\/WEB\/#website","url":"https:\/\/www.iburmar.com\/WEB\/","name":"Burmar Shop","description":"Fabricamos todos nuestros productos en Espa\u00f1a con ingredientes de la m\u00e1xima calidad.","publisher":{"@id":"https:\/\/www.iburmar.com\/WEB\/#organization"},"potentialAction":[{"@type":"SearchAction","target":{"@type":"EntryPoint","urlTemplate":"https:\/\/www.iburmar.com\/WEB\/?s={search_term_string}"},"query-input":{"@type":"PropertyValueSpecification","valueRequired":true,"valueName":"search_term_string"}}],"inLanguage":"es"},{"@type":"Organization","@id":"https:\/\/www.iburmar.com\/WEB\/#organization","name":"Burmar Sweet","url":"https:\/\/www.iburmar.com\/WEB\/","logo":{"@type":"ImageObject","inLanguage":"es","@id":"https:\/\/www.iburmar.com\/WEB\/#\/schema\/logo\/image\/","url":"https:\/\/www.iburmar.com\/WEB\/wp-content\/uploads\/2022\/04\/LogoBurmar-1.png","contentUrl":"https:\/\/www.iburmar.com\/WEB\/wp-content\/uploads\/2022\/04\/LogoBurmar-1.png","width":500,"height":205,"caption":"Burmar Sweet"},"image":{"@id":"https:\/\/www.iburmar.com\/WEB\/#\/schema\/logo\/image\/"},"sameAs":["https:\/\/www.facebook.com\/iburmar\/","https:\/\/x.com\/BurmarSweet"]}]}},"_links":{"self":[{"href":"https:\/\/www.iburmar.com\/WEB\/wp-json\/wp\/v2\/pages\/1772","targetHints":{"allow":["GET"]}}],"collection":[{"href":"https:\/\/www.iburmar.com\/WEB\/wp-json\/wp\/v2\/pages"}],"about":[{"href":"https:\/\/www.iburmar.com\/WEB\/wp-json\/wp\/v2\/types\/page"}],"author":[{"embeddable":true,"href":"https:\/\/www.iburmar.com\/WEB\/wp-json\/wp\/v2\/users\/1"}],"replies":[{"embeddable":true,"href":"https:\/\/www.iburmar.com\/WEB\/wp-json\/wp\/v2\/comments?post=1772"}],"version-history":[{"count":15,"href":"https:\/\/www.iburmar.com\/WEB\/wp-json\/wp\/v2\/pages\/1772\/revisions"}],"predecessor-version":[{"id":11996,"href":"https:\/\/www.iburmar.com\/WEB\/wp-json\/wp\/v2\/pages\/1772\/revisions\/11996"}],"wp:attachment":[{"href":"https:\/\/www.iburmar.com\/WEB\/wp-json\/wp\/v2\/media?parent=1772"}],"curies":[{"name":"wp","href":"https:\/\/api.w.org\/{rel}","templated":true}]}}